the tens digit of m?
0
What is the ten thousands digit of (25210/(-5))/((-2)/4 - 0)?
1
Let q = 92696 + -48453. What is the ten thousands digit of q?
4
Suppose -61*x = -442*x + 1016127. What is the tens digit of x?
6
Let s be 0*1/3 - 16/2. Let k be s/6*-3 - 4. Suppose -30*y + 32*y - 4 = k. What is the units digit of y?
2
Let b(u) = -3*u + 22. Suppose 6*a = -a + 49. Suppose 4*w - 31 = f, 2*w - 3*f = a + 16. What is the units digit of b(w)?
1
Let k(z) = -2*z**2 - 285*z + 1498. What is the thousands digit of k(-126)?
5
Let n = -67 - -49. Let u(l) = l**3 + 21*l**2 + 26*l + 15. Let b be u(n). Suppose -9*i = -156 - b. What is the units digit of i?
5
Suppose -4136*i = -4133*i - 40260. What is the hundreds digit of i?
4
Let f be 91/26 - 2/(-4). Suppose 2*v + 8 = 0, 6*v + 32 = f*i + 2*v. Suppose 4*b - 288 = -5*p, 0*b = -i*p + 3*b + 249. What is the tens digit of p?
6
Suppose -7421 = -14*p - 771. Suppose 4*m - p = 12*c - 7*c, -1 = -c. What is the units digit of m?
0
Let w(a) = -1795*a - 4602. What is the hundreds digit of w(-18)?
7
Suppose 2*f - 7*u - 45294 = 3932, 5*f + u = 122954. What is the thousands digit of f?
4
Let a = -8067 + 27828. What is the tens digit of a?
6
Let y(m) be the first derivative of 87*m**2/2 + 175*m + 228. What is the tens digit of y(12)?
1
Suppose -4*u = s - 21, -2*s - 18 = -u - 3*u. Suppose 3*g - 2116 = -u*w, 0*w + 5*w + 2096 = 3*g. What is the hundreds digit of g?
7
Suppose -8*i = -5*i - 1737. Suppose 5*u - i = 1221. What is the tens digit of u?
6
Let m = -28 - -37. Let i be -2*m/(-6) + (-2)/(-2). Suppose -2*g - 2*v = -102, i*v - 7 + 58 = g. What is the tens digit of g?
5
Suppose 2*o = -19*o - 63. What is the tens digit of (21 + -3)/o + 259?
5
Suppose x - 7 = -2*m, 2*x - 3*m = -2*x - 5. Let g be x + (-2 + 1)/1. Suppose 25*a - 26*a + 41 = g. What is the units digit of a?
1
Let l(m) = -m - 24*m - 14*m - 3*m - 27. What is the units digit of l(-8)?
9
Suppose 0 = -5*f - 2*g + 37974, 2*f - 1479 = -4*g + 13717. What is the units digit of f?
4
Suppose -9*l + 20 = -16. Suppose f = -6*k + k + 3478, 4*k - 2768 = l*f. What is the tens digit of k?
9
Let d be -3 + 3 - 0*(-2)/(-2). Let h(w) = d*w + 6 + 6*w**3 - 8*w + w**2 + 4*w - 5*w. What is the hundreds digit of h(3)?
1
Let s(i) = 7*i**2 - 102*i + 103. Let l be s(14). Let o = -166 + 361. Let r = o - l. What is the tens digit of r?
4
Suppose -2*c = 223 + 355. Let t = 110 - c. What is the hundreds digit of t?
3
Let u be 7/(28/8) + 4/2. Suppose -5*m + 2*i = u*i - 3975, m - 3*i - 812 = 0. What is the tens digit of m?
9
What is the ten thousands digit of 8328/(-10)*(-12425)/710?
1
Let m(l) = -l**3 - 4*l**2 - 5*l - 3. Let u be m(-3). Suppose 0 = u*b + 13 - 28. Suppose -2*z + 3*h = -206, 0*h = -b*z + h + 541. What is the tens digit of z?
0
Let q be (3 - -3)/3 + (0 - -5). Let j be (q/7)/(2/4). What is the hundreds digit of 224/j - (3 - (-4 - -4))?
1
Let p be -188*1/(5 - (3 - 0)). Suppose 5*j - v = -6*v - 1195, 5*v - 956 = 4*j. Let w = p - j. What is the tens digit of w?
4
What is the tens digit of (21/9*-3 + (-75)/(-12))*-21740?
0
Let c = 127 - 201. What is the tens digit of 3*(c/555 - (-3094)/30)?
0
Let h = -9 - -51. Let b be (-5)/5*h*-2. Suppose -7*u + 1631 = -b. What is the tens digit of u?
4
Suppose j + 4*q - 38 = -q, -3*j - 2*q = -75. Suppose k = 6*k - 590. Let g = k - j. What is the units digit of g?
5
Let y(s) = -2*s**3 + 26*s**2 + 5*s - 59. Let w be y(13). What is the hundreds digit of (4797/(-78))/(w/(-148))?
5
Let z(t) = -4851*t + 159. What is the tens digit of z(-3)?
1
Suppose -5*i + 33 = -4*r, 3*i = 5*r + 10 + 15. Suppose 4*j + 0*f - 3*f = 2, 0 = 5*j - i*f. What is the units digit of j?
2
What is the hundreds digit of (-165)/(-44)*(-8)/(-6) - -58455?
4
Suppose -5*l + 2*b = 10, 0 = -10*b + 6*b + 20. Suppose -6*t + 4003 + 1523 = l. What is the units digit of t?
1
Suppose 4*r + 12 = -f, -r + 6 = 3*f + 9. What is the tens digit of (r/9)/(8/(-13632))?
6
Suppose 566933 = 27*h - 698216 + 463006. What is the ten thousands digit of h?
2
Suppose 4*p + 3*j - 4*j = -148, -2*p = 2*j + 74. Let g = 46 + p. What is the tens digit of 15/g*-3*-15?
7
Let c = -166 - -118. What is the units digit of (4/6)/(c/(-27144))?
7
Suppose o = -4, 4*y + 0 - 28 = 5*o. Suppose 4*b - 5*v - 450 = -y*v, -3*v = 6. What is the hundreds digit of b?
1
Let c = 100 - 89. Let d = c + 65. What is the tens digit of d?
7
What is the ten thousands digit of -14 + (-16 + 30 - -29103)?
2
Let w(s) = -s**2 + 16*s + 49. Let h be w(17). Suppose -2*i + 77 = n, -n + i + 54 = -h. Let b = n - 21. What is the tens digit of b?
6
Suppose 2*y + 1 - 5 = 0. Suppose -n + y*n + 28 = 4*s, 0 = s - 5*n - 26. Suppose -72 - 42 = -s*p. What is the tens digit of p?
1
Let j = -55725 - -90123. What is the hundreds digit of j?
3
Suppose 14*o - 16200 = -6*o. Suppose 0 = -2*x + o + 110. What is the units digit of x?
0
Let p = 26 + -23. Suppose -m = 2*o - 13, 0 = p*o - 4*m + 3*m - 7. What is the tens digit of (-3 - (-8)/o)*-37?
3
Let f = 9622 - 5055. What is the hundreds digit of f?
5
Suppose 9*y - 5982 = -3*i, 8*y - 7*y - 10054 = -5*i. What is the tens digit of i?
1
Let c(h) = h + 12. Suppose -3*q - 19 = 5*g, -2*q + g = 3*q + 41. Let p be c(q). What is the units digit of 1*p - (-107 + 9)?
2
Suppose 5*v - x - 628 + 266 = 0, 5*x = -10. Let i = v - -83. Suppose i - 30 = 5*a. What is the units digit of a?
5
Let u = -255 + 313. Suppose u*v - 5509 = 51*v. What is the hundreds digit of v?
7
Suppose 0 = -3*g - 2*u + 6*u - 7, 4*g + 5*u = 32. Suppose -g*s - 6*k = -2*k - 1347, 4*s + 5*k = 1795. Suppose c + s = 6*c. What is the tens digit of c?
8
Suppose h - 3*o - 4627 = -1570, 2*h + 5*o = 6081. What is the hundreds digit of h?
0
What is the tens digit of ((-1)/4 - (-1397)/(-508))*-22353?
5
Let p(i) = 10*i**2 + 510*i - 166. What is the units digit of p(-64)?
4
Suppose -2*n = -2*u - 52492, -2*n + 5*u + 35411 + 17081 = 0. What is the thousands digit of n?
6
Let n(h) = 35*h**2 + 183*h + 88. What is the hundreds digit of n(-36)?
8
Let l(s) = s**2 - s - 20. Let j be l(5). Suppose 2*q + 3*v - 1049 = j, 0 = -q + 3*q - 5*v - 1057. What is the tens digit of q?
2
Suppose 32*s - 29*s + 41394 = y, -4*y + 165511 = s. What is the thousands digit of y?
1
Suppose -6*m - 5*m = 0. Suppose 4*c + c + 4*i - 4098 = m, -c + i + 825 = 0. What is the hundreds digit of c?
8
Suppose 2*b = -3*y + 45, -3*b - 75 = -2*y - 3*y. Suppose 5*t + 43*q - 850 = 38*q, 0 = -3*q + y. What is the tens digit of t?
6
Suppose 47*z = 45*z + 52. Suppose 4*y + 5 = 5*w + 19, 4*y + w = z. Let n(f) = 5*f**2 - f - 9. What is the units digit of n(y)?
5
Let p(k) = k**2 + 16*k - 8. Let r be p(-13). Let a = r + 52. Suppose g - 3*j + 294 = 4*g, 466 = a*g - 3*j. What is the tens digit of g?
9
What is the units digit of (44/(-8))/(3/(-18) - (-4125)/25020)?
8
Let m = -16610 - -23861. What is the hundreds digit of m?
2
Suppose 0 = 3*r + 2*r. Suppose r = 3*b + 12, -2*v + 4*b - 6 = 8*b. Suppose 4*h - 2*p - 38 = 3*h, -3*p = -v*h + 183. What is the units digit of h?
6
What is the tens digit of 271438/8 - (45 + (-8319)/188)?
2
Let b(u) be the third derivative of -u**4/8 + 28*u**3/3 - 18*u**2. Let a be b(18). What is the tens digit of (a/5)/(4/320)?
3
Let t be ((-12)/(-14))/((-132)/28 + 5). Suppose -23 = t*k - 296. What is the units digit of k?
1
Let k = -20676 - -65789. What is the thousands digit of k?
5
Let h(p) = -25*p + 25 + 15 + 64 + 16*p**2 + 4 + 31. What is the tens digit of h(9)?
1
Let l(u) = -6*u - 19. Let f be l(-3). Let o be (31/4)/(f/(-8) - 0). Let j = o + 0. What is the tens digit of j?
6
Let s = 9161 - 2957. What is the hundreds digit of s?
2
Suppose -23414 = -48*q + 520282. What is the thousands digit of q?
1
Suppose 2*v = -2, -3*l + v = 4*v - 51. Let c(a) = -7 + 20 + 9 - 3 + 8*a. What is the units digit of c(l)?
3
Suppose -24 = -105*z + 111*z. Let o(l) = 44*l**2 - 2. What is the units digit of o(z)?
2
Suppose -3*x + 189 = 3*o, 313 = 4*o + o + 3*x. Let b = o - 60. What is the units digit of b?
2
Let i = 655 - 786. What is the units digit of (i/(-3))/((-2)/(-38 + 2))?
6
Let k be (-2)/(-4) + (-13)/26. Suppose 12*i - 1474 - 1670 = k. What is the hundreds digit of i?
2
Suppose -145050 = 6884*i - 6909*i. What is the tens digit of i?
0
Let p be 1 - 2 - 0 - 28/(-14). Let o(f) = 895*f**2 + 3*f. What is the tens digit of o(p)?
9
